{"id":1953,"date":"2022-04-22T12:45:11","date_gmt":"2022-04-22T12:45:11","guid":{"rendered":"https:\/\/kuklacocukyayinlari.com\/web\/?post_type=product&#038;p=1953"},"modified":"2026-03-26T12:59:38","modified_gmt":"2026-03-26T12:59:38","slug":"evdeki-okulum-harfler-kitabim","status":"publish","type":"product","link":"https:\/\/kuklacocukyayinlari.com\/web\/?product=evdeki-okulum-harfler-kitabim","title":{"rendered":"Evdeki Okulum Harfler Kitab\u0131m"},"content":{"rendered":"<p>De\u011ferli ebeveynler, \u00f6\u011fretmenler ve sevgili<br \/>\n\u00e7ocuklar,<br \/>\nOkul \u00f6ncesi \u00e7ocuklar\u0131n zihinsel ve fiziksel<br \/>\ngeli\u015fim s\u00fcre\u00e7lerini g\u00f6z \u00f6n\u00fcne alarak el ve<br \/>\ng\u00f6z koordinasyonunu sa\u011flama, psikomotor<br \/>\nbecerilerini geli\u015ftirme, okumay\u0131, yazmay\u0131<br \/>\n\u00f6\u011frenme s\u00fcrecine haz\u0131rland\u0131\u011f\u0131 d\u00f6nemde<br \/>\nilerletmesi gereken becerilerini desteklemek<br \/>\namac\u0131yla yeni m\u00fcfredata uygun olarak<br \/>\nhaz\u0131rlad\u0131\u011f\u0131m\u0131z harf kitab\u0131m\u0131zda kolaydan<br \/>\nzora do\u011fru s\u0131ralanm\u0131\u015f bir\u00e7ok al\u0131\u015ft\u0131rma<br \/>\ng\u00f6receksiniz. Pek \u00e7ok noktaya dikkat<br \/>\nederek d\u00fczenledi\u011fimiz \u00e7al\u0131\u015fmam\u0131zda dik,<br \/>\ne\u011fik, dairesel, yatay \u00e7izgi ve harfleri<br \/>\ntan\u0131y\u0131p yazma al\u0131\u015ft\u0131rmalar\u0131n\u0131n yan\u0131 s\u0131ra<br \/>\n\u00e7ocu\u011fun muhakeme becerisini geli\u015ftirmesini<br \/>\nsa\u011flayacak labirent, g\u00f6rsel dikkat,<br \/>\nbenzerlik-farkl\u0131l\u0131k, e\u015fle\u015ftirme-gruplama,<br \/>\ns\u0131ralama, kar\u015f\u0131la\u015ft\u0131rma, \u015fekil tan\u0131ma,<br \/>\nboyama gibi ba\u015fka bir\u00e7ok al\u0131\u015ft\u0131rma daha<br \/>\nvar.<\/p>\n","protected":false},"excerpt":{"rendered":"<p>De\u011ferli ebeveynler, \u00f6\u011fretmenler ve sevgili \u00e7ocuklar, Okul \u00f6ncesi \u00e7ocuklar\u0131n zihinsel ve fiziksel geli\u015fim s\u00fcre\u00e7lerini g\u00f6z \u00f6n\u00fcne alarak el ve g\u00f6z koordinasyonunu sa\u011flama, psikomotor becerilerini geli\u015ftirme, okumay\u0131, yazmay\u0131 \u00f6\u011frenme s\u00fcrecine haz\u0131rland\u0131\u011f\u0131 d\u00f6nemde ilerletmesi gereken becerilerini desteklemek amac\u0131yla yeni m\u00fcfredata uygun olarak haz\u0131rlad\u0131\u011f\u0131m\u0131z harf kitab\u0131m\u0131zda kolaydan zora do\u011fru s\u0131ralanm\u0131\u015f bir\u00e7ok al\u0131\u015ft\u0131rma g\u00f6receksiniz. Pek \u00e7ok noktaya dikkat ederek [&hellip;]<\/p>\n","protected":false},"featured_media":1951,"template":"","meta":[],"product_brand":[],"product_cat":[144,147],"product_tag":[],"class_list":{"0":"post-1953","1":"product","2":"type-product","3":"status-publish","4":"has-post-thumbnail","6":"product_cat-4-yas","7":"product_cat-okula-yardimci","9":"first","10":"instock","11":"shipping-taxable","12":"purchasable","13":"product-type-simple"},"_links":{"self":[{"href":"https:\/\/kuklacocukyayinlari.com\/web\/index.php?rest_route=\/wp\/v2\/product\/1953","targetHints":{"allow":["GET"]}}],"collection":[{"href":"https:\/\/kuklacocukyayinlari.com\/web\/index.php?rest_route=\/wp\/v2\/product"}],"about":[{"href":"https:\/\/kuklacocukyayinlari.com\/web\/index.php?rest_route=\/wp\/v2\/types\/product"}],"wp:featuredmedia":[{"embeddable":true,"href":"https:\/\/kuklacocukyayinlari.com\/web\/index.php?rest_route=\/wp\/v2\/media\/1951"}],"wp:attachment":[{"href":"https:\/\/kuklacocukyayinlari.com\/web\/index.php?rest_route=%2Fwp%2Fv2%2Fmedia&parent=1953"}],"wp:term":[{"taxonomy":"product_brand","embeddable":true,"href":"https:\/\/kuklacocukyayinlari.com\/web\/index.php?rest_route=%2Fwp%2Fv2%2Fproduct_brand&post=1953"},{"taxonomy":"product_cat","embeddable":true,"href":"https:\/\/kuklacocukyayinlari.com\/web\/index.php?rest_route=%2Fwp%2Fv2%2Fproduct_cat&post=1953"},{"taxonomy":"product_tag","embeddable":true,"href":"https:\/\/kuklacocukyayinlari.com\/web\/index.php?rest_route=%2Fwp%2Fv2%2Fproduct_tag&post=1953"}],"curies":[{"name":"wp","href":"https:\/\/api.w.org\/{rel}","templated":true}]}}