{"id":1904,"date":"2021-12-21T00:24:19","date_gmt":"2021-12-21T00:24:19","guid":{"rendered":"https:\/\/kuklacocukyayinlari.com\/web\/?post_type=product&#038;p=1904"},"modified":"2024-07-03T15:24:15","modified_gmt":"2024-07-03T15:24:15","slug":"boyuyorum-buyuyorum-3","status":"publish","type":"product","link":"https:\/\/kuklacocukyayinlari.com\/web\/?product=boyuyorum-buyuyorum-3","title":{"rendered":"Yarat\u0131c\u0131 \u00c7ocuklar Boyuyorum B\u00fcy\u00fcyorum 6+ Ya\u015f"},"content":{"rendered":"<p>\u201cBoyuyorum B\u00fcy\u00fcyorum\u201d \u00e7ocuklar\u0131n yarat\u0131c\u0131l\u0131klar\u0131n\u0131 geli\u015ftirece\u011fi, renkleri tan\u0131yaca\u011f\u0131, yeni kavramlarla tan\u0131\u015faca\u011f\u0131 e\u011flenceli mi e\u011flenceli bir kitap. Gelece\u011fin Da Vincileri, Picassolar\u0131 yan\u0131 ba\u015f\u0131n\u0131zda olabilir\u2026 \u00c7ocuklarla keyifli saatler ge\u00e7irmek i\u00e7in ihtiyac\u0131n\u0131z olan tek \u015fey boya kalemleri!<\/p>\n","protected":false},"excerpt":{"rendered":"<p>\u201cBoyuyorum B\u00fcy\u00fcyorum\u201d \u00e7ocuklar\u0131n yarat\u0131c\u0131l\u0131klar\u0131n\u0131 geli\u015ftirece\u011fi, renkleri tan\u0131yaca\u011f\u0131, yeni kavramlarla tan\u0131\u015faca\u011f\u0131 e\u011flenceli mi e\u011flenceli bir kitap. Gelece\u011fin Da Vincileri, Picassolar\u0131 yan\u0131 ba\u015f\u0131n\u0131zda olabilir\u2026 \u00c7ocuklarla keyifli saatler ge\u00e7irmek i\u00e7in ihtiyac\u0131n\u0131z olan tek \u015fey boya kalemleri!<\/p>\n","protected":false},"featured_media":1905,"template":"","meta":[],"product_brand":[],"product_cat":[146],"product_tag":[],"class_list":{"0":"post-1904","1":"product","2":"type-product","3":"status-publish","4":"has-post-thumbnail","6":"product_cat-6-yas","8":"first","9":"instock","10":"shipping-taxable","11":"purchasable","12":"product-type-simple"},"_links":{"self":[{"href":"https:\/\/kuklacocukyayinlari.com\/web\/index.php?rest_route=\/wp\/v2\/product\/1904","targetHints":{"allow":["GET"]}}],"collection":[{"href":"https:\/\/kuklacocukyayinlari.com\/web\/index.php?rest_route=\/wp\/v2\/product"}],"about":[{"href":"https:\/\/kuklacocukyayinlari.com\/web\/index.php?rest_route=\/wp\/v2\/types\/product"}],"wp:featuredmedia":[{"embeddable":true,"href":"https:\/\/kuklacocukyayinlari.com\/web\/index.php?rest_route=\/wp\/v2\/media\/1905"}],"wp:attachment":[{"href":"https:\/\/kuklacocukyayinlari.com\/web\/index.php?rest_route=%2Fwp%2Fv2%2Fmedia&parent=1904"}],"wp:term":[{"taxonomy":"product_brand","embeddable":true,"href":"https:\/\/kuklacocukyayinlari.com\/web\/index.php?rest_route=%2Fwp%2Fv2%2Fproduct_brand&post=1904"},{"taxonomy":"product_cat","embeddable":true,"href":"https:\/\/kuklacocukyayinlari.com\/web\/index.php?rest_route=%2Fwp%2Fv2%2Fproduct_cat&post=1904"},{"taxonomy":"product_tag","embeddable":true,"href":"https:\/\/kuklacocukyayinlari.com\/web\/index.php?rest_route=%2Fwp%2Fv2%2Fproduct_tag&post=1904"}],"curies":[{"name":"wp","href":"https:\/\/api.w.org\/{rel}","templated":true}]}}