{"id":1902,"date":"2021-12-21T00:23:25","date_gmt":"2021-12-21T00:23:25","guid":{"rendered":"https:\/\/kuklacocukyayinlari.com\/web\/?post_type=product&#038;p=1902"},"modified":"2024-07-03T15:24:01","modified_gmt":"2024-07-03T15:24:01","slug":"okula-hazirlaniyorum","status":"publish","type":"product","link":"https:\/\/kuklacocukyayinlari.com\/web\/?product=okula-hazirlaniyorum","title":{"rendered":"Yarat\u0131c\u0131 \u00c7ocuklar Okula Haz\u0131rlan\u0131yorum 6+ Ya\u015f"},"content":{"rendered":"<p>\u201cOkula Haz\u0131rlan\u0131yorum\u201d kitab\u0131 \u00e7ocuklar\u0131n; Problem \u00e7\u00f6zme, Ba\u011flant\u0131 kurma, Tahmin etme, Neden-sonu\u00e7 ili\u015fkisi kurma becerilerine b\u00fcy\u00fck oranda katk\u0131 sa\u011flayacakt\u0131r. \u201cOkula Haz\u0131rlan\u0131yorum\u201d kitab\u0131 \u00e7ocuklara alfabeyi \u00f6\u011fretmenin en e\u011flenceli yolu&#8230;<\/p>\n","protected":false},"excerpt":{"rendered":"<p>\u201cOkula Haz\u0131rlan\u0131yorum\u201d kitab\u0131 \u00e7ocuklar\u0131n; Problem \u00e7\u00f6zme, Ba\u011flant\u0131 kurma, Tahmin etme, Neden-sonu\u00e7 ili\u015fkisi kurma becerilerine b\u00fcy\u00fck oranda katk\u0131 sa\u011flayacakt\u0131r. \u201cOkula Haz\u0131rlan\u0131yorum\u201d kitab\u0131 \u00e7ocuklara alfabeyi \u00f6\u011fretmenin en e\u011flenceli yolu&#8230;<\/p>\n","protected":false},"featured_media":1903,"template":"","meta":[],"product_brand":[],"product_cat":[146],"product_tag":[],"class_list":{"0":"post-1902","1":"product","2":"type-product","3":"status-publish","4":"has-post-thumbnail","6":"product_cat-6-yas","8":"first","9":"instock","10":"shipping-taxable","11":"purchasable","12":"product-type-simple"},"_links":{"self":[{"href":"https:\/\/kuklacocukyayinlari.com\/web\/index.php?rest_route=\/wp\/v2\/product\/1902","targetHints":{"allow":["GET"]}}],"collection":[{"href":"https:\/\/kuklacocukyayinlari.com\/web\/index.php?rest_route=\/wp\/v2\/product"}],"about":[{"href":"https:\/\/kuklacocukyayinlari.com\/web\/index.php?rest_route=\/wp\/v2\/types\/product"}],"wp:featuredmedia":[{"embeddable":true,"href":"https:\/\/kuklacocukyayinlari.com\/web\/index.php?rest_route=\/wp\/v2\/media\/1903"}],"wp:attachment":[{"href":"https:\/\/kuklacocukyayinlari.com\/web\/index.php?rest_route=%2Fwp%2Fv2%2Fmedia&parent=1902"}],"wp:term":[{"taxonomy":"product_brand","embeddable":true,"href":"https:\/\/kuklacocukyayinlari.com\/web\/index.php?rest_route=%2Fwp%2Fv2%2Fproduct_brand&post=1902"},{"taxonomy":"product_cat","embeddable":true,"href":"https:\/\/kuklacocukyayinlari.com\/web\/index.php?rest_route=%2Fwp%2Fv2%2Fproduct_cat&post=1902"},{"taxonomy":"product_tag","embeddable":true,"href":"https:\/\/kuklacocukyayinlari.com\/web\/index.php?rest_route=%2Fwp%2Fv2%2Fproduct_tag&post=1902"}],"curies":[{"name":"wp","href":"https:\/\/api.w.org\/{rel}","templated":true}]}}