{"id":1834,"date":"2021-12-20T22:48:30","date_gmt":"2021-12-20T22:48:30","guid":{"rendered":"https:\/\/kuklacocukyayinlari.com\/web\/?post_type=product&#038;p=1834"},"modified":"2024-07-03T15:27:12","modified_gmt":"2024-07-03T15:27:12","slug":"gorsel-algi-gelistirme-3","status":"publish","type":"product","link":"https:\/\/kuklacocukyayinlari.com\/web\/?product=gorsel-algi-gelistirme-3","title":{"rendered":"Merakl\u0131 \u00c7ocuklar Alg\u0131 Geli\u015ftirme 3+Ya\u015f"},"content":{"rendered":"<p>De\u011ferli anne babalar ve \u00f6\u011fretmenler,<br \/>\n3+-4+-5+-6+ ya\u015f \u00e7ocuklar i\u00e7in haz\u0131rlanan \u201cG\u00f6rsel Alg\u0131 Geli\u015ftirme\u201d Kitab\u0131m\u0131zda; renk, \u015fekil, say\u0131, \u00e7izgi \u00e7al\u0131\u015fmalar\u0131<br \/>\nile ayn\u0131s\u0131n\u0131 bulma, farkl\u0131 olan\u0131 bulma, par\u00e7a b\u00fct\u00fcn kavram\u0131, ili\u015fkilendirme, mant\u0131k muhakeme becerileri, g\u00f6rsel<br \/>\ndikkat, g\u00f6rsel haf\u0131za, kodlama, okuma yazmaya haz\u0131rl\u0131k, s\u0131ra takibi, e\u015fle\u015ftirme, g\u00f6r sel tamamlama, simetri,<br \/>\ng\u00f6rsel ay\u0131rt etme gibi g\u00f6r sel alg\u0131 becerilerini geli\u015ftiren etkinliklere yer verilmi\u015ftir. Etkinlikler basitten zora<br \/>\ndo\u011fru, geli\u015fimsel farkl\u0131l\u0131klar g\u00f6z \u00f6n\u00fcnde bulundurularak haz\u0131rlanm\u0131\u015ft\u0131r. Kitab\u0131m\u0131z ile \u00e7ocuklar\u0131n odaklanarak<br \/>\n\u00f6\u011frenmesini sa\u011flama, \u00f6\u011frenmeye kar\u015f\u0131 olumlu tutum geli\u015ftirme ve ba\u015farma d uygusunu ya\u015fayabilmeleri<br \/>\nhedeflenmi\u015ftir.<\/p>\n","protected":false},"excerpt":{"rendered":"<p>De\u011ferli anne babalar ve \u00f6\u011fretmenler, 3+-4+-5+-6+ ya\u015f \u00e7ocuklar i\u00e7in haz\u0131rlanan \u201cG\u00f6rsel Alg\u0131 Geli\u015ftirme\u201d Kitab\u0131m\u0131zda; renk, \u015fekil, say\u0131, \u00e7izgi \u00e7al\u0131\u015fmalar\u0131 ile ayn\u0131s\u0131n\u0131 bulma, farkl\u0131 olan\u0131 bulma, par\u00e7a b\u00fct\u00fcn kavram\u0131, ili\u015fkilendirme, mant\u0131k muhakeme becerileri, g\u00f6rsel dikkat, g\u00f6rsel haf\u0131za, kodlama, okuma yazmaya haz\u0131rl\u0131k, s\u0131ra takibi, e\u015fle\u015ftirme, g\u00f6r sel tamamlama, simetri, g\u00f6rsel ay\u0131rt etme gibi g\u00f6r sel alg\u0131 becerilerini [&hellip;]<\/p>\n","protected":false},"featured_media":1835,"template":"","meta":[],"product_brand":[],"product_cat":[143],"product_tag":[],"class_list":{"0":"post-1834","1":"product","2":"type-product","3":"status-publish","4":"has-post-thumbnail","6":"product_cat-3-yas","8":"first","9":"instock","10":"shipping-taxable","11":"purchasable","12":"product-type-simple"},"_links":{"self":[{"href":"https:\/\/kuklacocukyayinlari.com\/web\/index.php?rest_route=\/wp\/v2\/product\/1834","targetHints":{"allow":["GET"]}}],"collection":[{"href":"https:\/\/kuklacocukyayinlari.com\/web\/index.php?rest_route=\/wp\/v2\/product"}],"about":[{"href":"https:\/\/kuklacocukyayinlari.com\/web\/index.php?rest_route=\/wp\/v2\/types\/product"}],"wp:featuredmedia":[{"embeddable":true,"href":"https:\/\/kuklacocukyayinlari.com\/web\/index.php?rest_route=\/wp\/v2\/media\/1835"}],"wp:attachment":[{"href":"https:\/\/kuklacocukyayinlari.com\/web\/index.php?rest_route=%2Fwp%2Fv2%2Fmedia&parent=1834"}],"wp:term":[{"taxonomy":"product_brand","embeddable":true,"href":"https:\/\/kuklacocukyayinlari.com\/web\/index.php?rest_route=%2Fwp%2Fv2%2Fproduct_brand&post=1834"},{"taxonomy":"product_cat","embeddable":true,"href":"https:\/\/kuklacocukyayinlari.com\/web\/index.php?rest_route=%2Fwp%2Fv2%2Fproduct_cat&post=1834"},{"taxonomy":"product_tag","embeddable":true,"href":"https:\/\/kuklacocukyayinlari.com\/web\/index.php?rest_route=%2Fwp%2Fv2%2Fproduct_tag&post=1834"}],"curies":[{"name":"wp","href":"https:\/\/api.w.org\/{rel}","templated":true}]}}